ghest common divisor of 8 and 492292040.
8
What is the highest common divisor of 735705880 and 359?
359
What is the highest common divisor of 21953 and 203?
29
Calculate the greatest common factor of 35907842 and 170.
34
What is the highest common divisor of 5195610 and 5040?
630
What is the highest common divisor of 91239 and 32464983?
5367
Calculate the greatest common divisor of 489662 and 412.
206
What is the highest common factor of 10 and 949435?
5
Calculate the greatest common factor of 28532110 and 855.
95
Calculate the highest common divisor of 23889415 and 55.
55
What is the greatest common divisor of 598959 and 18666?
549
Calculate the greatest common divisor of 145339097 and 29.
29
Calculate the highest common divisor of 8200 and 677000.
200
What is the greatest common divisor of 18033190 and 2920?
730
Calculate the greatest common divisor of 765 and 391737.
3
What is the greatest common factor of 14527995 and 995?
995
What is the highest common divisor of 5060 and 143044?
44
What is the greatest common divisor of 155 and 222705?
5
What is the highest common factor of 114 and 1283345139?
57
What is the greatest common factor of 861625 and 21655?
305
Calculate the greatest common divisor of 432 and 1542942.
54
What is the greatest common divisor of 138446 and 22847?
341
Calculate the greatest common divisor of 48 and 278739.
3
What is the highest common factor of 4128 and 15770508?
516
What is the highest common factor of 10 and 107126170?
10
What is the greatest common divisor of 711 and 35773649?
79
Calculate the highest common divisor of 24669936 and 8280.
72
Calculate the greatest common factor of 4006071 and 5589.
621
Calculate the highest common divisor of 1992 and 1166657628.
996
Calculate the highest common factor of 6 and 10435992.
6
What is the highest common factor of 747740 and 28?
28
Calculate the greatest common divisor of 320 and 4478935.
5
What is the highest common divisor of 280042683 and 4792?
599
Calculate the greatest common divisor of 80 and 115111888.
16
Calculate the greatest common divisor of 26 and 520051558.
26
What is the greatest common factor of 52362 and 155160?
18
What is the highest common divisor of 440590 and 400?
10
What is the greatest common divisor of 4654598 and 70906?
586
Calculate the greatest common divisor of 11 and 13137927.
11
What is the greatest common factor of 130303434 and 88050?
3522
Calculate the greatest common divisor of 9508 and 2705026.
4754
Calculate the highest common divisor of 548 and 41115892.
548
What is the greatest common factor of 568 and 10369266?
142
What is the greatest common factor of 3680 and 281720?
40
What is the highest common divisor of 4995 and 698595?
15
Calculate the greatest common factor of 304796 and 42596.
92
Calculate the highest common factor of 755 and 87095.
5
What is the greatest common factor of 78 and 8061287?
13
What is the highest common factor of 4320 and 6848055?
45
Calculate the greatest common divisor of 526427517 and 6699.
6699
Calculate the highest common factor of 942326 and 47096.
406
Calculate the highest common divisor of 3365 and 2074859.
673
Calculate the greatest common divisor of 384 and 644759168.
128
Calculate the greatest common divisor of 210990 and 66690.
390
What is the highest common divisor of 66030 and 48990?
2130
Calculate the highest common factor of 58 and 330667802.
58
What is the greatest common factor of 43968395 and 55?
5
Calculate the highest common divisor of 1254 and 362.
2
Calculate the highest common divisor of 734896646 and 4026.
1342
Calculate the highest common divisor of 50 and 883465.
5
Calculate the greatest common factor of 369 and 4613607.
369
Calculate the highest common divisor of 95 and 5658865.
95
What is the greatest common divisor of 207 and 45978656?
23
Calculate the greatest common divisor of 180324 and 4932.
36
What is the highest common divisor of 1250 and 716?
2
Calculate the highest common divisor of 3048829356 and 12.
12
What is the highest common factor of 118 and 53389041?
59
Calculate the greatest common divisor of 2464 and 111034.
154
Calculate the highest common divisor of 35792460 and 17490.
330
Calculate the greatest common factor of 1215 and 384694515.
1215
What is the highest common divisor of 511650 and 70?
10
What is the greatest common factor of 2682 and 79055824?
298
Calculate the greatest common factor of 387 and 6743561.
43
Calculate the highest common divisor of 335007 and 333.
9
What is the greatest common divisor of 1159345 and 749?
107
Calculate the highest common factor of 8 and 947398.
2
What is the greatest common factor of 70 and 43460590?
10
What is the highest common divisor of 298 and 11741647?
149
What is the greatest common divisor of 197313 and 1329461?
739
What is the greatest common factor of 366725710 and 2?
2
Calculate the highest common divisor of 4712 and 13872.
8
Calculate the greatest common divisor of 16006 and 16478336.
106
What is the greatest common factor of 287695 and 428895?
1765
Calculate the greatest common factor of 9173080 and 1540.
140
What is the greatest common divisor of 37335 and 2238135?
1965
What is the greatest common factor of 1828 and 269321068?
1828
Calculate the highest common factor of 19851713 and 209.
19
Calculate the greatest common divisor of 29486 and 135290742.
1282
What is the greatest common divisor of 168316764 and 528?
132
What is the highest common factor of 30180440 and 2720?
680
What is the highest common divisor of 161934 and 206850?
1182
What is the highest common factor of 638352 and 11115?
117
What is the greatest common factor of 5248142 and 2481?
827
What is the greatest common divisor of 298910 and 49345?
355
What is the greatest common divisor of 1570 and 3822165?
785
What is the highest common factor of 7216 and 121033?
11
What is the highest common factor of 11300 and 1153052?
452
What is the highest common factor of 567276 and 18696?
492
What is the highest common factor of 1093540 and 4180?
20
What is the highest common factor of 2804 and 2077063?
701
Calculate the highest common divisor of 6 and 225868776.
6
Calculate the highest common divisor of 4587 and 3652503.
417
Calculate the greatest common factor of 454353115 and 2810.
1405
Calculate the greatest common divisor of 37331098 and 28.
14
Calculate the greatest common factor of 655 and 22674921.
131
What is the highest common divisor of 3462 and 11144755?
577
What is the greatest common factor of 3310082 and 22462?
2042
What is the highest common divisor of 3010 and 106750?
70
What is the greatest common factor of 158593 and 162146?
323
What is the greatest common factor of 58 and 1474534?
58
What is the highest common divisor of 23750 and 646798?
38
What is the greatest common divisor of 8140 and 9388775?
55
Calculate the greatest common divisor of 14639708 and 3208.
1604
Calculate the highest common factor of 697208 and 68.
4
What is the greatest common factor of 2808392 and 512?
8
What is the greatest common divisor of 105355 and 88348485?
5545
Calculate the greatest common factor of 68 and 9621932.
68
What is the highest common factor of 16642362 and 594?
66
Calculate the highest common divisor of 170 and 19986645.
85
What is the highest common factor of 17080 and 1738256?
488
Calculate the greatest common divisor of 1428 and 582204.
84
Calculate the greatest common factor of 104465633 and 1018.
509
Calculate the highest common factor of 35 and 1126157130.
35
Calculate the highest common factor of 9264 and 31344.
48
Calculate the greatest common divisor of 22296 and 146928.
24
Calculate the greatest common divisor of 527 and 35355903.
527
Calculate the greatest common divisor of 957789702 and 6.
6
Calculate the highest common divisor of 19880 and 526085.
35
Calculate the highest common factor of 3097 and 12863.
19
Calculate the highest common factor of 189976025 and 125.
25
What is the highest common divisor of 149650 and 76347050?
3650
What is the highest common factor of 21792 and 402471?
681
What is the highest common factor of 776614115 and 3635?
3635
What is the greatest common divisor of 12 and 1521115338?
6
What is the greatest common factor of 3389 and 125270996?
3389
What is the greatest common divisor of 651063 and 1155?
21
Calcu